[INFO] cloning repository https://github.com/CounterpartyXCP/addrindexrs
[INFO] running `Command { std: "git" "-c" "credential.helper=" "-c" "credential.helper=/workspace/cargo-home/bin/git-credential-null" "clone" "--bare" "https://github.com/CounterpartyXCP/addrindexrs" "/workspace/cache/git-repos/https%3A%2F%2Fgithub.com%2FCounterpartyXCP%2Faddrindexrs", kill_on_drop: false }`
[INFO] [stderr] Cloning into bare repository '/workspace/cache/git-repos/https%3A%2F%2Fgithub.com%2FCounterpartyXCP%2Faddrindexrs'...
[INFO] running `Command { std: "git" "rev-parse" "HEAD", kill_on_drop: false }`
[INFO] [stdout] a94bc5d915fa36954c890f716fae9854ccc88384
[INFO] checking CounterpartyXCP/addrindexrs against master#e6e4f7ed1589e03bc2f6c5931c1a72e7947e8682 for beta-170-4
[INFO] running `Command { std: "git" "clone" "/workspace/cache/git-repos/https%3A%2F%2Fgithub.com%2FCounterpartyXCP%2Faddrindexrs" "/workspace/builds/worker-4-tc2/source", kill_on_drop: false }`
[INFO] [stderr] Cloning into '/workspace/builds/worker-4-tc2/source'...
[INFO] [stderr] done.
[INFO] validating manifest of git repo https://github.com/CounterpartyXCP/addrindexrs on toolchain e6e4f7ed1589e03bc2f6c5931c1a72e7947e8682
[INFO] running `Command { std: CARGO_HOME="/workspace/cargo-home" RUSTUP_HOME="/workspace/rustup-home" "/workspace/cargo-home/bin/cargo" "+e6e4f7ed1589e03bc2f6c5931c1a72e7947e8682" "metadata" "--manifest-path" "Cargo.toml" "--no-deps", kill_on_drop: false }`
[INFO] started tweaking git repo https://github.com/CounterpartyXCP/addrindexrs
[INFO] finished tweaking git repo https://github.com/CounterpartyXCP/addrindexrs
[INFO] tweaked toml for git repo https://github.com/CounterpartyXCP/addrindexrs written to /workspace/builds/worker-4-tc2/source/Cargo.toml
[INFO] crate git repo https://github.com/CounterpartyXCP/addrindexrs already has a lockfile, it will not be regenerated
[INFO] running `Command { std: CARGO_HOME="/workspace/cargo-home" RUSTUP_HOME="/workspace/rustup-home" "/workspace/cargo-home/bin/cargo" "+e6e4f7ed1589e03bc2f6c5931c1a72e7947e8682" "fetch" "--manifest-path" "Cargo.toml", kill_on_drop: false }`
[INFO] [stderr]     Updating crates.io index
[INFO] [stderr]     Blocking waiting for file lock on package cache
[INFO] running `Command { std: "docker" "create" "-v" "/var/lib/crater-agent-workspace/builds/worker-4-tc2/target:/opt/rustwide/target:rw,Z" "-v" "/var/lib/crater-agent-workspace/builds/worker-4-tc2/source:/opt/rustwide/workdir:ro,Z" "-v" "/var/lib/crater-agent-workspace/cargo-home:/opt/rustwide/cargo-home:ro,Z" "-v" "/var/lib/crater-agent-workspace/rustup-home:/opt/rustwide/rustup-home:ro,Z" "-e" "SOURCE_DIR=/opt/rustwide/workdir" "-e" "CARGO_TARGET_DIR=/opt/rustwide/target" "-e" "CARGO_HOME=/opt/rustwide/cargo-home" "-e" "RUSTUP_HOME=/opt/rustwide/rustup-home" "-w" "/opt/rustwide/workdir" "-m" "1610612736" "--user" "0:0" "--network" "none" "ghcr.io/rust-lang/crates-build-env/linux@sha256:19e73879b68f455e41552ea35293514db52ea292d993f571636dbffedb77a1ee" "/opt/rustwide/cargo-home/bin/cargo" "+e6e4f7ed1589e03bc2f6c5931c1a72e7947e8682" "metadata" "--no-deps" "--format-version=1", kill_on_drop: false }`
[INFO] [stdout] 349fc593e59ec0d9ce9a2e240a3ec90127af10bc57b587c460965054ea74e4ae
[INFO] running `Command { std: "docker" "start" "-a" "349fc593e59ec0d9ce9a2e240a3ec90127af10bc57b587c460965054ea74e4ae", kill_on_drop: false }`
[INFO] running `Command { std: "docker" "inspect" "349fc593e59ec0d9ce9a2e240a3ec90127af10bc57b587c460965054ea74e4ae", kill_on_drop: false }`
[INFO] running `Command { std: "docker" "rm" "-f" "349fc593e59ec0d9ce9a2e240a3ec90127af10bc57b587c460965054ea74e4ae", kill_on_drop: false }`
[INFO] [stdout] 349fc593e59ec0d9ce9a2e240a3ec90127af10bc57b587c460965054ea74e4ae
[INFO] running `Command { std: "docker" "create" "-v" "/var/lib/crater-agent-workspace/builds/worker-4-tc2/target:/opt/rustwide/target:rw,Z" "-v" "/var/lib/crater-agent-workspace/builds/worker-4-tc2/source:/opt/rustwide/workdir:ro,Z" "-v" "/var/lib/crater-agent-workspace/cargo-home:/opt/rustwide/cargo-home:ro,Z" "-v" "/var/lib/crater-agent-workspace/rustup-home:/opt/rustwide/rustup-home:ro,Z" "-e" "SOURCE_DIR=/opt/rustwide/workdir" "-e" "CARGO_TARGET_DIR=/opt/rustwide/target" "-e" "CARGO_INCREMENTAL=0" "-e" "RUST_BACKTRACE=full" "-e" "RUSTFLAGS=--cap-lints=forbid" "-e" "RUSTDOCFLAGS=--cap-lints=forbid" "-e" "CARGO_HOME=/opt/rustwide/cargo-home" "-e" "RUSTUP_HOME=/opt/rustwide/rustup-home" "-w" "/opt/rustwide/workdir" "-m" "1610612736" "--user" "0:0" "--network" "none" "ghcr.io/rust-lang/crates-build-env/linux@sha256:19e73879b68f455e41552ea35293514db52ea292d993f571636dbffedb77a1ee" "/opt/rustwide/cargo-home/bin/cargo" "+e6e4f7ed1589e03bc2f6c5931c1a72e7947e8682" "check" "--frozen" "--all" "--all-targets" "--message-format=json", kill_on_drop: false }`
[INFO] [stdout] 71a5beb780c493be413c1d4200c284a2fcf90a32b94b58736f37d8d8f43ac928
[INFO] running `Command { std: "docker" "start" "-a" "71a5beb780c493be413c1d4200c284a2fcf90a32b94b58736f37d8d8f43ac928", kill_on_drop: false }`
[INFO] [stderr]    Compiling libc v0.2.144
[INFO] [stderr]    Compiling arrayvec v0.4.12
[INFO] [stderr]    Compiling nodrop v0.1.14
[INFO] [stderr]    Compiling scopeguard v1.0.0
[INFO] [stderr]    Compiling rayon-core v1.6.0
[INFO] [stderr]    Compiling either v1.5.3
[INFO] [stderr]    Compiling proc-macro2 v1.0.6
[INFO] [stderr]    Compiling syn v1.0.7
[INFO] [stderr]    Compiling serde v1.0.102
[INFO] [stderr]    Compiling memchr v2.2.1
[INFO] [stderr]    Compiling crossbeam-utils v0.6.6
[INFO] [stderr]    Compiling failure_derive v0.1.6
[INFO] [stderr]    Compiling glob v0.3.0
[INFO] [stderr]    Compiling nom v4.2.3
[INFO] [stderr]    Compiling memoffset v0.5.2
[INFO] [stderr]    Compiling proc-macro2 v0.4.30
[INFO] [stderr]    Compiling rustc-demangle v0.1.16
[INFO] [stderr]    Compiling bitflags v1.2.1
[INFO] [stderr]    Compiling thread_local v0.3.6
[INFO] [stderr]    Compiling unicode-width v0.1.6
[INFO] [stderr]    Compiling quick-error v1.2.2
[INFO] [stderr]    Compiling regex-syntax v0.6.12
[INFO] [stderr]    Compiling humantime v1.3.0
[INFO] [stderr]    Compiling textwrap v0.11.0
[INFO] [stderr]    Compiling byteorder v1.3.2
[INFO] [stderr]    Compiling crossbeam-queue v0.1.2
[INFO] [stderr]    Compiling num-traits v0.2.8
[INFO] [stderr]    Compiling strsim v0.8.0
[INFO] [stderr]    Compiling bindgen v0.49.2
[INFO] [stderr]    Compiling vec_map v0.8.1
[INFO] [stderr]    Compiling clang-sys v0.28.1
[INFO] [stderr]    Compiling termcolor v1.0.5
[INFO] [stderr]    Compiling crossbeam-epoch v0.7.2
[INFO] [stderr]    Compiling ansi_term v0.11.0
[INFO] [stderr]    Compiling fxhash v0.2.1
[INFO] [stderr]    Compiling num-integer v0.1.41
[INFO] [stderr]    Compiling aho-corasick v0.7.6
[INFO] [stderr]    Compiling quote v0.6.13
[INFO] [stderr]    Compiling crossbeam-deque v0.7.1
[INFO] [stderr]    Compiling quote v1.0.2
[INFO] [stderr]    Compiling peeking_take_while v0.1.2
[INFO] [stderr]    Compiling version_check v0.9.4
[INFO] [stderr]    Compiling shlex v0.1.1
[INFO] [stderr]     Checking time v0.1.42
[INFO] [stderr]    Compiling rand v0.6.5
[INFO] [stderr]    Compiling roff v0.1.0
[INFO] [stderr]    Compiling winapi-build v0.1.1
[INFO] [stderr]    Compiling num_cpus v1.11.0
[INFO] [stderr]    Compiling atty v0.2.13
[INFO] [stderr]    Compiling configure_me_codegen v0.3.12
[INFO] [stderr]     Checking getrandom v0.2.9
[INFO] [stderr]    Compiling kernel32-sys v0.2.2
[INFO] [stderr]    Compiling clap v2.33.0
[INFO] [stderr]    Compiling ahash v0.7.6
[INFO] [stderr]    Compiling man v0.1.1
[INFO] [stderr]     Checking unicode-normalization v0.1.8
[INFO] [stderr]     Checking rand_os v0.1.3
[INFO] [stderr]    Compiling unicode-segmentation v1.5.0
[INFO] [stderr]    Compiling cexpr v0.3.6
[INFO] [stderr]    Compiling rayon v1.2.0
[INFO] [stderr]     Checking once_cell v1.17.2
[INFO] [stderr]    Compiling void v1.0.2
[INFO] [stderr]    Compiling fmt2io v0.1.0
[INFO] [stderr]    Compiling gcc v0.3.55
[INFO] [stderr]     Checking chrono v0.4.9
[INFO] [stderr]     Checking rand v0.4.6
[INFO] [stderr]    Compiling error-chain v0.12.1
[INFO] [stderr]    Compiling bincode v1.2.0
[INFO] [stderr]     Checking arc-swap v0.4.3
[INFO] [stderr]     Checking winapi v0.2.8
[INFO] [stderr]     Checking idna v0.1.5
[INFO] [stderr]     Checking rand v0.3.23
[INFO] [stderr]     Checking signal-hook-registry v1.1.1
[INFO] [stderr]     Checking hashbrown v0.11.2
[INFO] [stderr]    Compiling regex v1.3.1
[INFO] [stderr]     Checking errno v0.2.4
[INFO] [stderr]     Checking hex v0.3.2
[INFO] [stderr]     Checking ascii v0.8.7
[INFO] [stderr]     Checking chunked_transfer v0.3.1
[INFO] [stderr]    Compiling rust-crypto v0.2.36
[INFO] [stderr]     Checking itoa v0.4.4
[INFO] [stderr]     Checking bech32 v0.7.1
[INFO] [stderr]     Checking termcolor v0.3.6
[INFO] [stderr]     Checking url v1.7.2
[INFO] [stderr]     Checking rustc-serialize v0.3.24
[INFO] [stderr]     Checking parse_arg v0.1.4
[INFO] [stderr]     Checking lru v0.6.6
[INFO] [stderr]     Checking crossbeam-channel v0.3.9
[INFO] [stderr]     Checking sysconf v0.3.4
[INFO] [stderr]     Checking signal-hook v0.1.11
[INFO] [stderr]     Checking stderrlog v0.4.1
[INFO] [stderr]     Checking base64 v0.10.1
[INFO] [stderr]     Checking page_size v0.4.1
[INFO] [stderr]     Checking dirs v1.0.5
[INFO] [stderr]     Checking tiny_http v0.6.2
[INFO] [stderr]    Compiling cc v1.0.41
[INFO] [stderr]    Compiling env_logger v0.6.2
[INFO] [stderr]    Compiling toml v0.5.5
[INFO] [stderr]    Compiling toml v0.4.10
[INFO] [stderr]     Checking bitcoin_hashes v0.7.1
[INFO] [stderr]     Checking serde_json v1.0.41
[INFO] [stderr]    Compiling synstructure v0.12.2
[INFO] [stderr]    Compiling backtrace-sys v0.1.32
[INFO] [stderr]    Compiling libloading v0.5.2
[INFO] [stderr]    Compiling secp256k1 v0.15.5
[INFO] [stderr]    Compiling serde_derive v1.0.102
[INFO] [stderr]    Compiling backtrace v0.3.40
[INFO] [stderr]    Compiling failure v0.1.6
[INFO] [stderr]    Compiling which v2.0.1
[INFO] [stderr]     Checking bitcoin v0.21.0
[INFO] [stderr]    Compiling cargo_toml v0.8.0
[INFO] [stderr]     Checking configure_me v0.3.3
[INFO] [stderr]    Compiling librocksdb-sys v6.1.3
[INFO] [stderr]    Compiling addrindexrs v0.4.0 (/opt/rustwide/workdir)
[INFO] [stderr] The following warnings were emitted during compilation:
[INFO] [stderr] 
[INFO] [stderr] warning: c++: fatal error: Killed signal terminated program cc1plus
[INFO] [stderr] warning: compilation terminated.
[INFO] [stderr] warning: c++: fatal error: Killed signal terminated program cc1plus
[INFO] [stderr] warning: compilation terminated.
[INFO] [stderr] warning: In file included from rocksdb/db/version_edit.cc:10:
[INFO] [stderr] warning: rocksdb/db/version_edit.h: In constructor 'rocksdb::FdWithKeyRange::FdWithKeyRange(rocksdb::FileDescriptor, rocksdb::Slice, rocksdb::Slice, rocksdb::FileMetaData*)':
[INFO] [stderr] warning: rocksdb/db/version_edit.h:175:9: warning: implicitly-declared 'constexpr rocksdb::FileDescriptor::FileDescriptor(const rocksdb::FileDescriptor&)' is deprecated [-Wdeprecated-copy]
[INFO] [stderr] warning:   175 |       : fd(_fd),
[INFO] [stderr] warning:       |         ^~~~~~~
[INFO] [stderr] warning: rocksdb/db/version_edit.h:55:19: note: because 'rocksdb::FileDescriptor' has user-provided 'rocksdb::FileDescriptor& rocksdb::FileDescriptor::operator=(const rocksdb::FileDescriptor&)'
[INFO] [stderr] warning:    55 |   FileDescriptor& operator=(const FileDescriptor& fd) {
[INFO] [stderr] warning:       |                   ^~~~~~~~
[INFO] [stderr] warning: In file included from rocksdb/db/range_del_aggregator.h:21,
[INFO] [stderr] warning:                  from rocksdb/db/merge_helper.h:14,
[INFO] [stderr] warning:                  from rocksdb/table/get_context.cc:7:
[INFO] [stderr] warning: rocksdb/db/version_edit.h: In constructor 'rocksdb::FdWithKeyRange::FdWithKeyRange(rocksdb::FileDescriptor, rocksdb::Slice, rocksdb::Slice, rocksdb::FileMetaData*)':
[INFO] [stderr] warning: rocksdb/db/version_edit.h:175:9: warning: implicitly-declared 'constexpr rocksdb::FileDescriptor::FileDescriptor(const rocksdb::FileDescriptor&)' is deprecated [-Wdeprecated-copy]
[INFO] [stderr] warning:   175 |       : fd(_fd),
[INFO] [stderr] warning:       |         ^~~~~~~
[INFO] [stderr] warning: rocksdb/db/version_edit.h:55:19: note: because 'rocksdb::FileDescriptor' has user-provided 'rocksdb::FileDescriptor& rocksdb::FileDescriptor::operator=(const rocksdb::FileDescriptor&)'
[INFO] [stderr] warning:    55 |   FileDescriptor& operator=(const FileDescriptor& fd) {
[INFO] [stderr] warning:       |                   ^~~~~~~~
[INFO] [stderr] warning: rocksdb/db/version_edit.h: In instantiation of 'constexpr std::pair<_T1, _T2>::pair(_U1&&, _U2&&) [with _U1 = int&; _U2 = rocksdb::FileMetaData; typename std::enable_if<(std::_PCC<true, _T1, _T2>::_MoveConstructiblePair<_U1, _U2>() && std::_PCC<true, _T1, _T2>::_ImplicitlyMoveConvertiblePair<_U1, _U2>()), bool>::type <anonymous> = true; _T1 = int; _T2 = rocksdb::FileMetaData]':
[INFO] [stderr] warning: /usr/include/c++/11/ext/new_allocator.h:162:4:   required from 'void __gnu_cxx::new_allocator<_Tp>::construct(_Up*, _Args&& ...) [with _Up = std::pair<int, rocksdb::FileMetaData>; _Args = {int&, rocksdb::FileMetaData}; _Tp = std::pair<int, rocksdb::FileMetaData>]'
[INFO] [stderr] warning: /usr/include/c++/11/bits/alloc_traits.h:516:17:   required from 'static void std::allocator_traits<std::allocator<_CharT> >::construct(std::allocator_traits<std::allocator<_CharT> >::allocator_type&, _Up*, _Args&& ...) [with _Up = std::pair<int, rocksdb::FileMetaData>; _Args = {int&, rocksdb::FileMetaData}; _Tp = std::pair<int, rocksdb::FileMetaData>; std::allocator_traits<std::allocator<_CharT> >::allocator_type = std::allocator<std::pair<int, rocksdb::FileMetaData> >]'
[INFO] [stderr] warning: /usr/include/c++/11/bits/vector.tcc:115:30:   required from 'void std::vector<_Tp, _Alloc>::emplace_back(_Args&& ...) [with _Args = {int&, rocksdb::FileMetaData}; _Tp = std::pair<int, rocksdb::FileMetaData>; _Alloc = std::allocator<std::pair<int, rocksdb::FileMetaData> >]'
[INFO] [stderr] warning: rocksdb/db/version_edit.h:253:28:   required from here
[INFO] [stderr] warning: rocksdb/db/version_edit.h:86:8: warning: implicitly-declared 'constexpr rocksdb::FileDescriptor::FileDescriptor(const rocksdb::FileDescriptor&)' is deprecated [-Wdeprecated-copy]
[INFO] [stderr] warning:    86 | struct FileMetaData {
[INFO] [stderr] warning:       |        ^~~~~~~~~~~~
[INFO] [stderr] warning: rocksdb/db/version_edit.h:55:19: note: because 'rocksdb::FileDescriptor' has user-provided 'rocksdb::FileDescriptor& rocksdb::FileDescriptor::operator=(const rocksdb::FileDescriptor&)'
[INFO] [stderr] warning:    55 |   FileDescriptor& operator=(const FileDescriptor& fd) {
[INFO] [stderr] warning:       |                   ^~~~~~~~
[INFO] [stderr] warning: In file included from /usr/include/c++/11/bits/stl_algobase.h:64,
[INFO] [stderr] warning:                  from /usr/include/c++/11/bits/char_traits.h:39,
[INFO] [stderr] warning:                  from /usr/include/c++/11/string:40,
[INFO] [stderr] warning:                  from rocksdb/table/get_context.h:7,
[INFO] [stderr] warning:                  from rocksdb/table/get_context.cc:6:
[INFO] [stderr] warning: /usr/include/c++/11/bits/stl_pair.h:353:42: note: synthesized method 'rocksdb::FileMetaData::FileMetaData(rocksdb::FileMetaData&&)' first required here
[INFO] [stderr] warning:   353 |         : first(std::forward<_U1>(__x)), second(std::forward<_U2>(__y)) { }
[INFO] [stderr] warning:       |                                          ^~~~~~~~~~~~~~~~~~~~~~~~~~~~~~
[INFO] [stderr] warning: In file included from rocksdb/db/range_del_aggregator.h:21,
[INFO] [stderr] warning:                  from rocksdb/db/merge_helper.h:14,
[INFO] [stderr] warning:                  from rocksdb/table/get_context.cc:7:
[INFO] [stderr] warning: rocksdb/db/version_edit.h: In instantiation of 'constexpr std::pair<_T1, _T2>::pair(_U1&&, const _T2&) [with _U1 = int&; typename std::enable_if<std::_PCC<true, _T1, _T2>::_MoveCopyPair<true, _U1, _T2>(), bool>::type <anonymous> = true; _T1 = int; _T2 = rocksdb::FileMetaData]':
[INFO] [stderr] warning: /usr/include/c++/11/ext/new_allocator.h:162:4:   required from 'void __gnu_cxx::new_allocator<_Tp>::construct(_Up*, _Args&& ...) [with _Up = std::pair<int, rocksdb::FileMetaData>; _Args = {int&, const rocksdb::FileMetaData&}; _Tp = std::pair<int, rocksdb::FileMetaData>]'
[INFO] [stderr] warning: /usr/include/c++/11/bits/alloc_traits.h:516:17:   required from 'static void std::allocator_traits<std::allocator<_CharT> >::construct(std::allocator_traits<std::allocator<_CharT> >::allocator_type&, _Up*, _Args&& ...) [with _Up = std::pair<int, rocksdb::FileMetaData>; _Args = {int&, const rocksdb::FileMetaData&}; _Tp = std::pair<int, rocksdb::FileMetaData>; std::allocator_traits<std::allocator<_CharT> >::allocator_type = std::allocator<std::pair<int, rocksdb::FileMetaData> >]'
[INFO] [stderr] warning: /usr/include/c++/11/bits/vector.tcc:115:30:   required from 'void std::vector<_Tp, _Alloc>::emplace_back(_Args&& ...) [with _Args = {int&, const rocksdb::FileMetaData&}; _Tp = std::pair<int, rocksdb::FileMetaData>; _Alloc = std::allocator<std::pair<int, rocksdb::FileMetaData> >]'
[INFO] [stderr] warning: rocksdb/db/version_edit.h:258:28:   required from here
[INFO] [stderr] warning: rocksdb/db/version_edit.h:86:8: warning: implicitly-declared 'constexpr rocksdb::FileDescriptor::FileDescriptor(const rocksdb::FileDescriptor&)' is deprecated [-Wdeprecated-copy]
[INFO] [stderr] warning:    86 | struct FileMetaData {
[INFO] [stderr] warning:       |        ^~~~~~~~~~~~
[INFO] [stderr] warning: rocksdb/db/version_edit.h:55:19: note: because 'rocksdb::FileDescriptor' has user-provided 'rocksdb::FileDescriptor& rocksdb::FileDescriptor::operator=(const rocksdb::FileDescriptor&)'
[INFO] [stderr] warning:    55 |   FileDescriptor& operator=(const FileDescriptor& fd) {
[INFO] [stderr] warning:       |                   ^~~~~~~~
[INFO] [stderr] warning: In file included from /usr/include/c++/11/bits/stl_algobase.h:64,
[INFO] [stderr] warning:                  from /usr/include/c++/11/bits/char_traits.h:39,
[INFO] [stderr] warning:                  from /usr/include/c++/11/string:40,
[INFO] [stderr] warning:                  from rocksdb/table/get_context.h:7,
[INFO] [stderr] warning:                  from rocksdb/table/get_context.cc:6:
[INFO] [stderr] warning: /usr/include/c++/11/bits/stl_pair.h:323:41: note: synthesized method 'rocksdb::FileMetaData::FileMetaData(const rocksdb::FileMetaData&)' first required here
[INFO] [stderr] warning:   323 |        : first(std::forward<_U1>(__x)), second(__y) { }
[INFO] [stderr] warning:       |                                         ^~~~~~~~~~~
[INFO] [stderr] warning: rocksdb/db/version_edit.h: In instantiation of 'constexpr std::pair<_T1, _T2>::pair(_U1&&, _U2&&) [with _U1 = int&; _U2 = rocksdb::FileMetaData&; typename std::enable_if<(std::_PCC<true, _T1, _T2>::_MoveConstructiblePair<_U1, _U2>() && std::_PCC<true, _T1, _T2>::_ImplicitlyMoveConvertiblePair<_U1, _U2>()), bool>::type <anonymous> = true; _T1 = int; _T2 = rocksdb::FileMetaData]':
[INFO] [stderr] warning: /usr/include/c++/11/bits/stl_pair.h:572:14:   required from 'constexpr std::pair<typename std::__strip_reference_wrapper<typename std::decay<_Tp>::type>::__type, typename std::__strip_reference_wrapper<typename std::decay<_Tp2>::type>::__type> std::make_pair(_T1&&, _T2&&) [with _T1 = int&; _T2 = rocksdb::FileMetaData&; typename std::__strip_reference_wrapper<typename std::decay<_Tp2>::type>::__type = rocksdb::FileMetaData; typename std::decay<_Tp2>::type = std::decay<rocksdb::FileMetaData&>::type; typename std::__strip_reference_wrapper<typename std::decay<_Tp>::type>::__type = int; typename std::decay<_Tp>::type = int]'
[INFO] [stderr] warning: rocksdb/db/version_edit.cc:308:38:   required from here
[INFO] [stderr] warning: rocksdb/db/version_edit.h:86:8: warning: implicitly-declared 'constexpr rocksdb::FileDescriptor::FileDescriptor(const rocksdb::FileDescriptor&)' is deprecated [-Wdeprecated-copy]
[INFO] [stderr] warning:    86 | struct FileMetaData {
[INFO] [stderr] warning:       |        ^~~~~~~~~~~~
[INFO] [stderr] warning: rocksdb/db/version_edit.h:55:19: note: because 'rocksdb::FileDescriptor' has user-provided 'rocksdb::FileDescriptor& rocksdb::FileDescriptor::operator=(const rocksdb::FileDescriptor&)'
[INFO] [stderr] warning:    55 |   FileDescriptor& operator=(const FileDescriptor& fd) {
[INFO] [stderr] warning:       |                   ^~~~~~~~
[INFO] [stderr] warning: In file included from /usr/include/c++/11/utility:70,
[INFO] [stderr] warning:                  from /usr/include/c++/11/algorithm:60,
[INFO] [stderr] warning:                  from rocksdb/db/version_edit.h:11,
[INFO] [stderr] warning:                  from rocksdb/db/version_edit.cc:10:
[INFO] [stderr] warning: /usr/include/c++/11/bits/stl_pair.h:353:42: note: synthesized method 'rocksdb::FileMetaData::FileMetaData(const rocksdb::FileMetaData&)' first required here
[INFO] [stderr] warning:   353 |         : first(std::forward<_U1>(__x)), second(std::forward<_U2>(__y)) { }
[INFO] [stderr] warning:       |                                          ^~~~~~~~~~~~~~~~~~~~~~~~~~~~~~
[INFO] [stderr] 
[INFO] [stderr] error: failed to run custom build command for `librocksdb-sys v6.1.3`
[INFO] [stderr] note: To improve backtraces for build dependencies, set the CARGO_PROFILE_DEV_BUILD_OVERRIDE_DEBUG=true environment variable to enable debug information generation.
[INFO] [stderr] 
[INFO] [stderr] Caused by:
[INFO] [stderr]   process didn't exit successfully: `/opt/rustwide/target/debug/build/librocksdb-sys-e77600454d6c8193/build-script-build` (exit status: 1)
[INFO] [stderr]   --- stdout
[INFO] [stderr]   cargo:rerun-if-changed=build.rs
[INFO] [stderr]   cargo:rerun-if-changed=rocksdb/
[INFO] [stderr]   cargo:rerun-if-changed=snappy/
[INFO] [stderr]   cargo:rerun-if-changed=lz4/
[INFO] [stderr]   cargo:rerun-if-changed=zstd/
[INFO] [stderr]   cargo:rerun-if-changed=zlib/
[INFO] [stderr]   cargo:rerun-if-changed=bzip2/
[INFO] [stderr]   NUM_JOBS = Some("16")
[INFO] [stderr]   TARGET = Some("x86_64-unknown-linux-gnu")
[INFO] [stderr]   OPT_LEVEL = Some("0")
[INFO] [stderr]   HOST = Some("x86_64-unknown-linux-gnu")
[INFO] [stderr]   CXX_x86_64-unknown-linux-gnu = None
[INFO] [stderr]   CXX_x86_64_unknown_linux_gnu = None
[INFO] [stderr]   HOST_CXX = None
[INFO] [stderr]   CXX = None
[INFO] [stderr]   CXXFLAGS_x86_64-unknown-linux-gnu = None
[INFO] [stderr]   CXXFLAGS_x86_64_unknown_linux_gnu = None
[INFO] [stderr]   HOST_CXXFLAGS = None
[INFO] [stderr]   CXXFLAGS = None
[INFO] [stderr]   CRATE_CC_NO_DEFAULTS = None
[INFO] [stderr]   DEBUG = Some("true")
[INFO] [stderr]   CARGO_CFG_TARGET_FEATURE = Some("fxsr,sse,sse2")
[INFO] [stderr]   running: "c++" "-O0" "-ffunction-sections" "-fdata-sections" "-fPIC" "-g" "-fno-omit-frame-pointer" "-m64" "-I" "rocksdb/include/" "-I" "rocksdb/" "-I" "rocksdb/third-party/gtest-1.7.0/fused-src/" "-I" "snappy/" "-I" "lz4/lib/" "-I" "zstd/lib/" "-I" "zstd/lib/dictBuilder/" "-I" "zlib/" "-I" "bzip2/" "-I" "." "-Wall" "-Wextra" "-msse2" "-msse4.1" "-msse4.2" "-mpclmul" "-std=c++11" "-Wno-unused-parameter" "-DSNAPPY=1" "-DLZ4=1" "-DZSTD=1" "-DZLIB=1" "-DBZIP2=1" "-DNDEBUG=1" "-DHAVE_PCLMUL=1" "-DHAVE_SSE42=1" "-DOS_LINUX=1" "-DROCKSDB_PLATFORM_POSIX=1" "-DROCKSDB_LIB_IO_POSIX=1" "-o" "/opt/rustwide/target/debug/build/librocksdb-sys-3fef9ce4923f60b2/out/rocksdb/table/format.o" "-c" "rocksdb/table/format.cc"
[INFO] [stderr]   running: "c++" "-O0" "-ffunction-sections" "-fdata-sections" "-fPIC" "-g" "-fno-omit-frame-pointer" "-m64" "-I" "rocksdb/include/" "-I" "rocksdb/" "-I" "rocksdb/third-party/gtest-1.7.0/fused-src/" "-I" "snappy/" "-I" "lz4/lib/" "-I" "zstd/lib/" "-I" "zstd/lib/dictBuilder/" "-I" "zlib/" "-I" "bzip2/" "-I" "." "-Wall" "-Wextra" "-msse2" "-msse4.1" "-msse4.2" "-mpclmul" "-std=c++11" "-Wno-unused-parameter" "-DSNAPPY=1" "-DLZ4=1" "-DZSTD=1" "-DZLIB=1" "-DBZIP2=1" "-DNDEBUG=1" "-DHAVE_PCLMUL=1" "-DHAVE_SSE42=1" "-DOS_LINUX=1" "-DROCKSDB_PLATFORM_POSIX=1" "-DROCKSDB_LIB_IO_POSIX=1" "-o" "/opt/rustwide/target/debug/build/librocksdb-sys-3fef9ce4923f60b2/out/rocksdb/table/full_filter_block.o" "-c" "rocksdb/table/full_filter_block.cc"
[INFO] [stderr]   running: "c++" "-O0" "-ffunction-sections" "-fdata-sections" "-fPIC" "-g" "-fno-omit-frame-pointer" "-m64" "-I" "rocksdb/include/" "-I" "rocksdb/" "-I" "rocksdb/third-party/gtest-1.7.0/fused-src/" "-I" "snappy/" "-I" "lz4/lib/" "-I" "zstd/lib/" "-I" "zstd/lib/dictBuilder/" "-I" "zlib/" "-I" "bzip2/" "-I" "." "-Wall" "-Wextra" "-msse2" "-msse4.1" "-msse4.2" "-mpclmul" "-std=c++11" "-Wno-unused-parameter" "-DSNAPPY=1" "-DLZ4=1" "-DZSTD=1" "-DZLIB=1" "-DBZIP2=1" "-DNDEBUG=1" "-DHAVE_PCLMUL=1" "-DHAVE_SSE42=1" "-DOS_LINUX=1" "-DROCKSDB_PLATFORM_POSIX=1" "-DROCKSDB_LIB_IO_POSIX=1" "-o" "/opt/rustwide/target/debug/build/librocksdb-sys-3fef9ce4923f60b2/out/rocksdb/utilities/option_change_migration/option_change_migration.o" "-c" "rocksdb/utilities/option_change_migration/option_change_migration.cc"
[INFO] [stderr]   running: "c++" "-O0" "-ffunction-sections" "-fdata-sections" "-fPIC" "-g" "-fno-omit-frame-pointer" "-m64" "-I" "rocksdb/include/" "-I" "rocksdb/" "-I" "rocksdb/third-party/gtest-1.7.0/fused-src/" "-I" "snappy/" "-I" "lz4/lib/" "-I" "zstd/lib/" "-I" "zstd/lib/dictBuilder/" "-I" "zlib/" "-I" "bzip2/" "-I" "." "-Wall" "-Wextra" "-msse2" "-msse4.1" "-msse4.2" "-mpclmul" "-std=c++11" "-Wno-unused-parameter" "-DSNAPPY=1" "-DLZ4=1" "-DZSTD=1" "-DZLIB=1" "-DBZIP2=1" "-DNDEBUG=1" "-DHAVE_PCLMUL=1" "-DHAVE_SSE42=1" "-DOS_LINUX=1" "-DROCKSDB_PLATFORM_POSIX=1" "-DROCKSDB_LIB_IO_POSIX=1" "-o" "/opt/rustwide/target/debug/build/librocksdb-sys-3fef9ce4923f60b2/out/rocksdb/db/dbformat.o" "-c" "rocksdb/db/dbformat.cc"
[INFO] [stderr]   running: "c++" "-O0" "-ffunction-sections" "-fdata-sections" "-fPIC" "-g" "-fno-omit-frame-pointer" "-m64" "-I" "rocksdb/include/" "-I" "rocksdb/" "-I" "rocksdb/third-party/gtest-1.7.0/fused-src/" "-I" "snappy/" "-I" "lz4/lib/" "-I" "zstd/lib/" "-I" "zstd/lib/dictBuilder/" "-I" "zlib/" "-I" "bzip2/" "-I" "." "-Wall" "-Wextra" "-msse2" "-msse4.1" "-msse4.2" "-mpclmul" "-std=c++11" "-Wno-unused-parameter" "-DSNAPPY=1" "-DLZ4=1" "-DZSTD=1" "-DZLIB=1" "-DBZIP2=1" "-DNDEBUG=1" "-DHAVE_PCLMUL=1" "-DHAVE_SSE42=1" "-DOS_LINUX=1" "-DROCKSDB_PLATFORM_POSIX=1" "-DROCKSDB_LIB_IO_POSIX=1" "-o" "/opt/rustwide/target/debug/build/librocksdb-sys-3fef9ce4923f60b2/out/rocksdb/util/log_buffer.o" "-c" "rocksdb/util/log_buffer.cc"
[INFO] [stderr]   running: "c++" "-O0" "-ffunction-sections" "-fdata-sections" "-fPIC" "-g" "-fno-omit-frame-pointer" "-m64" "-I" "rocksdb/include/" "-I" "rocksdb/" "-I" "rocksdb/third-party/gtest-1.7.0/fused-src/" "-I" "snappy/" "-I" "lz4/lib/" "-I" "zstd/lib/" "-I" "zstd/lib/dictBuilder/" "-I" "zlib/" "-I" "bzip2/" "-I" "." "-Wall" "-Wextra" "-msse2" "-msse4.1" "-msse4.2" "-mpclmul" "-std=c++11" "-Wno-unused-parameter" "-DSNAPPY=1" "-DLZ4=1" "-DZSTD=1" "-DZLIB=1" "-DBZIP2=1" "-DNDEBUG=1" "-DHAVE_PCLMUL=1" "-DHAVE_SSE42=1" "-DOS_LINUX=1" "-DROCKSDB_PLATFORM_POSIX=1" "-DROCKSDB_LIB_IO_POSIX=1" "-o" "/opt/rustwide/target/debug/build/librocksdb-sys-3fef9ce4923f60b2/out/rocksdb/table/data_block_footer.o" "-c" "rocksdb/table/data_block_footer.cc"
[INFO] [stderr]   running: "c++" "-O0" "-ffunction-sections" "-fdata-sections" "-fPIC" "-g" "-fno-omit-frame-pointer" "-m64" "-I" "rocksdb/include/" "-I" "rocksdb/" "-I" "rocksdb/third-party/gtest-1.7.0/fused-src/" "-I" "snappy/" "-I" "lz4/lib/" "-I" "zstd/lib/" "-I" "zstd/lib/dictBuilder/" "-I" "zlib/" "-I" "bzip2/" "-I" "." "-Wall" "-Wextra" "-msse2" "-msse4.1" "-msse4.2" "-mpclmul" "-std=c++11" "-Wno-unused-parameter" "-DSNAPPY=1" "-DLZ4=1" "-DZSTD=1" "-DZLIB=1" "-DBZIP2=1" "-DNDEBUG=1" "-DHAVE_PCLMUL=1" "-DHAVE_SSE42=1" "-DOS_LINUX=1" "-DROCKSDB_PLATFORM_POSIX=1" "-DROCKSDB_LIB_IO_POSIX=1" "-o" "/opt/rustwide/target/debug/build/librocksdb-sys-3fef9ce4923f60b2/out/rocksdb/table/get_context.o" "-c" "rocksdb/table/get_context.cc"
[INFO] [stderr]   running: "c++" "-O0" "-ffunction-sections" "-fdata-sections" "-fPIC" "-g" "-fno-omit-frame-pointer" "-m64" "-I" "rocksdb/include/" "-I" "rocksdb/" "-I" "rocksdb/third-party/gtest-1.7.0/fused-src/" "-I" "snappy/" "-I" "lz4/lib/" "-I" "zstd/lib/" "-I" "zstd/lib/dictBuilder/" "-I" "zlib/" "-I" "bzip2/" "-I" "." "-Wall" "-Wextra" "-msse2" "-msse4.1" "-msse4.2" "-mpclmul" "-std=c++11" "-Wno-unused-parameter" "-DSNAPPY=1" "-DLZ4=1" "-DZSTD=1" "-DZLIB=1" "-DBZIP2=1" "-DNDEBUG=1" "-DHAVE_PCLMUL=1" "-DHAVE_SSE42=1" "-DOS_LINUX=1" "-DROCKSDB_PLATFORM_POSIX=1" "-DROCKSDB_LIB_IO_POSIX=1" "-o" "/opt/rustwide/target/debug/build/librocksdb-sys-3fef9ce4923f60b2/out/rocksdb/table/plain_table_index.o" "-c" "rocksdb/table/plain_table_index.cc"
[INFO] [stderr]   running: "c++" "-O0" "-ffunction-sections" "-fdata-sections" "-fPIC" "-g" "-fno-omit-frame-pointer" "-m64" "-I" "rocksdb/include/" "-I" "rocksdb/" "-I" "rocksdb/third-party/gtest-1.7.0/fused-src/" "-I" "snappy/" "-I" "lz4/lib/" "-I" "zstd/lib/" "-I" "zstd/lib/dictBuilder/" "-I" "zlib/" "-I" "bzip2/" "-I" "." "-Wall" "-Wextra" "-msse2" "-msse4.1" "-msse4.2" "-mpclmul" "-std=c++11" "-Wno-unused-parameter" "-DSNAPPY=1" "-DLZ4=1" "-DZSTD=1" "-DZLIB=1" "-DBZIP2=1" "-DNDEBUG=1" "-DHAVE_PCLMUL=1" "-DHAVE_SSE42=1" "-DOS_LINUX=1" "-DROCKSDB_PLATFORM_POSIX=1" "-DROCKSDB_LIB_IO_POSIX=1" "-o" "/opt/rustwide/target/debug/build/librocksdb-sys-3fef9ce4923f60b2/out/rocksdb/table/flush_block_policy.o" "-c" "rocksdb/table/flush_block_policy.cc"
[INFO] [stderr]   running: "c++" "-O0" "-ffunction-sections" "-fdata-sections" "-fPIC" "-g" "-fno-omit-frame-pointer" "-m64" "-I" "rocksdb/include/" "-I" "rocksdb/" "-I" "rocksdb/third-party/gtest-1.7.0/fused-src/" "-I" "snappy/" "-I" "lz4/lib/" "-I" "zstd/lib/" "-I" "zstd/lib/dictBuilder/" "-I" "zlib/" "-I" "bzip2/" "-I" "." "-Wall" "-Wextra" "-msse2" "-msse4.1" "-msse4.2" "-mpclmul" "-std=c++11" "-Wno-unused-parameter" "-DSNAPPY=1" "-DLZ4=1" "-DZSTD=1" "-DZLIB=1" "-DBZIP2=1" "-DNDEBUG=1" "-DHAVE_PCLMUL=1" "-DHAVE_SSE42=1" "-DOS_LINUX=1" "-DROCKSDB_PLATFORM_POSIX=1" "-DROCKSDB_LIB_IO_POSIX=1" "-o" "/opt/rustwide/target/debug/build/librocksdb-sys-3fef9ce4923f60b2/out/rocksdb/util/compression_context_cache.o" "-c" "rocksdb/util/compression_context_cache.cc"
[INFO] [stderr]   running: "c++" "-O0" "-ffunction-sections" "-fdata-sections" "-fPIC" "-g" "-fno-omit-frame-pointer" "-m64" "-I" "rocksdb/include/" "-I" "rocksdb/" "-I" "rocksdb/third-party/gtest-1.7.0/fused-src/" "-I" "snappy/" "-I" "lz4/lib/" "-I" "zstd/lib/" "-I" "zstd/lib/dictBuilder/" "-I" "zlib/" "-I" "bzip2/" "-I" "." "-Wall" "-Wextra" "-msse2" "-msse4.1" "-msse4.2" "-mpclmul" "-std=c++11" "-Wno-unused-parameter" "-DSNAPPY=1" "-DLZ4=1" "-DZSTD=1" "-DZLIB=1" "-DBZIP2=1" "-DNDEBUG=1" "-DHAVE_PCLMUL=1" "-DHAVE_SSE42=1" "-DOS_LINUX=1" "-DROCKSDB_PLATFORM_POSIX=1" "-DROCKSDB_LIB_IO_POSIX=1" "-o" "/opt/rustwide/target/debug/build/librocksdb-sys-3fef9ce4923f60b2/out/rocksdb/db/version_edit.o" "-c" "rocksdb/db/version_edit.cc"
[INFO] [stderr]   running: "c++" "-O0" "-ffunction-sections" "-fdata-sections" "-fPIC" "-g" "-fno-omit-frame-pointer" "-m64" "-I" "rocksdb/include/" "-I" "rocksdb/" "-I" "rocksdb/third-party/gtest-1.7.0/fused-src/" "-I" "snappy/" "-I" "lz4/lib/" "-I" "zstd/lib/" "-I" "zstd/lib/dictBuilder/" "-I" "zlib/" "-I" "bzip2/" "-I" "." "-Wall" "-Wextra" "-msse2" "-msse4.1" "-msse4.2" "-mpclmul" "-std=c++11" "-Wno-unused-parameter" "-DSNAPPY=1" "-DLZ4=1" "-DZSTD=1" "-DZLIB=1" "-DBZIP2=1" "-DNDEBUG=1" "-DHAVE_PCLMUL=1" "-DHAVE_SSE42=1" "-DOS_LINUX=1" "-DROCKSDB_PLATFORM_POSIX=1" "-DROCKSDB_LIB_IO_POSIX=1" "-o" "/opt/rustwide/target/debug/build/librocksdb-sys-3fef9ce4923f60b2/out/rocksdb/cache/clock_cache.o" "-c" "rocksdb/cache/clock_cache.cc"
[INFO] [stderr]   running: "c++" "-O0" "-ffunction-sections" "-fdata-sections" "-fPIC" "-g" "-fno-omit-frame-pointer" "-m64" "-I" "rocksdb/include/" "-I" "rocksdb/" "-I" "rocksdb/third-party/gtest-1.7.0/fused-src/" "-I" "snappy/" "-I" "lz4/lib/" "-I" "zstd/lib/" "-I" "zstd/lib/dictBuilder/" "-I" "zlib/" "-I" "bzip2/" "-I" "." "-Wall" "-Wextra" "-msse2" "-msse4.1" "-msse4.2" "-mpclmul" "-std=c++11" "-Wno-unused-parameter" "-DSNAPPY=1" "-DLZ4=1" "-DZSTD=1" "-DZLIB=1" "-DBZIP2=1" "-DNDEBUG=1" "-DHAVE_PCLMUL=1" "-DHAVE_SSE42=1" "-DOS_LINUX=1" "-DROCKSDB_PLATFORM_POSIX=1" "-DROCKSDB_LIB_IO_POSIX=1" "-o" "/opt/rustwide/target/debug/build/librocksdb-sys-3fef9ce4923f60b2/out/rocksdb/table/iterator.o" "-c" "rocksdb/table/iterator.cc"
[INFO] [stderr]   running: "c++" "-O0" "-ffunction-sections" "-fdata-sections" "-fPIC" "-g" "-fno-omit-frame-pointer" "-m64" "-I" "rocksdb/include/" "-I" "rocksdb/" "-I" "rocksdb/third-party/gtest-1.7.0/fused-src/" "-I" "snappy/" "-I" "lz4/lib/" "-I" "zstd/lib/" "-I" "zstd/lib/dictBuilder/" "-I" "zlib/" "-I" "bzip2/" "-I" "." "-Wall" "-Wextra" "-msse2" "-msse4.1" "-msse4.2" "-mpclmul" "-std=c++11" "-Wno-unused-parameter" "-DSNAPPY=1" "-DLZ4=1" "-DZSTD=1" "-DZLIB=1" "-DBZIP2=1" "-DNDEBUG=1" "-DHAVE_PCLMUL=1" "-DHAVE_SSE42=1" "-DOS_LINUX=1" "-DROCKSDB_PLATFORM_POSIX=1" "-DROCKSDB_LIB_IO_POSIX=1" "-o" "/opt/rustwide/target/debug/build/librocksdb-sys-3fef9ce4923f60b2/out/rocksdb/util/string_util.o" "-c" "rocksdb/util/string_util.cc"
[INFO] [stderr]   running: "c++" "-O0" "-ffunction-sections" "-fdata-sections" "-fPIC" "-g" "-fno-omit-frame-pointer" "-m64" "-I" "rocksdb/include/" "-I" "rocksdb/" "-I" "rocksdb/third-party/gtest-1.7.0/fused-src/" "-I" "snappy/" "-I" "lz4/lib/" "-I" "zstd/lib/" "-I" "zstd/lib/dictBuilder/" "-I" "zlib/" "-I" "bzip2/" "-I" "." "-Wall" "-Wextra" "-msse2" "-msse4.1" "-msse4.2" "-mpclmul" "-std=c++11" "-Wno-unused-parameter" "-DSNAPPY=1" "-DLZ4=1" "-DZSTD=1" "-DZLIB=1" "-DBZIP2=1" "-DNDEBUG=1" "-DHAVE_PCLMUL=1" "-DHAVE_SSE42=1" "-DOS_LINUX=1" "-DROCKSDB_PLATFORM_POSIX=1" "-DROCKSDB_LIB_IO_POSIX=1" "-o" "/opt/rustwide/target/debug/build/librocksdb-sys-3fef9ce4923f60b2/out/rocksdb/util/xxhash.o" "-c" "rocksdb/util/xxhash.cc"
[INFO] [stderr]   running: "c++" "-O0" "-ffunction-sections" "-fdata-sections" "-fPIC" "-g" "-fno-omit-frame-pointer" "-m64" "-I" "rocksdb/include/" "-I" "rocksdb/" "-I" "rocksdb/third-party/gtest-1.7.0/fused-src/" "-I" "snappy/" "-I" "lz4/lib/" "-I" "zstd/lib/" "-I" "zstd/lib/dictBuilder/" "-I" "zlib/" "-I" "bzip2/" "-I" "." "-Wall" "-Wextra" "-msse2" "-msse4.1" "-msse4.2" "-mpclmul" "-std=c++11" "-Wno-unused-parameter" "-DSNAPPY=1" "-DLZ4=1" "-DZSTD=1" "-DZLIB=1" "-DBZIP2=1" "-DNDEBUG=1" "-DHAVE_PCLMUL=1" "-DHAVE_SSE42=1" "-DOS_LINUX=1" "-DROCKSDB_PLATFORM_POSIX=1" "-DROCKSDB_LIB_IO_POSIX=1" "-o" "/opt/rustwide/target/debug/build/librocksdb-sys-3fef9ce4923f60b2/out/rocksdb/util/event_logger.o" "-c" "rocksdb/util/event_logger.cc"
[INFO] [stderr]   exit status: 0
[INFO] [stderr]   running: "c++" "-O0" "-ffunction-sections" "-fdata-sections" "-fPIC" "-g" "-fno-omit-frame-pointer" "-m64" "-I" "rocksdb/include/" "-I" "rocksdb/" "-I" "rocksdb/third-party/gtest-1.7.0/fused-src/" "-I" "snappy/" "-I" "lz4/lib/" "-I" "zstd/lib/" "-I" "zstd/lib/dictBuilder/" "-I" "zlib/" "-I" "bzip2/" "-I" "." "-Wall" "-Wextra" "-msse2" "-msse4.1" "-msse4.2" "-mpclmul" "-std=c++11" "-Wno-unused-parameter" "-DSNAPPY=1" "-DLZ4=1" "-DZSTD=1" "-DZLIB=1" "-DBZIP2=1" "-DNDEBUG=1" "-DHAVE_PCLMUL=1" "-DHAVE_SSE42=1" "-DOS_LINUX=1" "-DROCKSDB_PLATFORM_POSIX=1" "-DROCKSDB_LIB_IO_POSIX=1" "-o" "/opt/rustwide/target/debug/build/librocksdb-sys-3fef9ce4923f60b2/out/rocksdb/utilities/backupable/backupable_db.o" "-c" "rocksdb/utilities/backupable/backupable_db.cc"
[INFO] [stderr]   exit status: 0
[INFO] [stderr]   running: "c++" "-O0" "-ffunction-sections" "-fdata-sections" "-fPIC" "-g" "-fno-omit-frame-pointer" "-m64" "-I" "rocksdb/include/" "-I" "rocksdb/" "-I" "rocksdb/third-party/gtest-1.7.0/fused-src/" "-I" "snappy/" "-I" "lz4/lib/" "-I" "zstd/lib/" "-I" "zstd/lib/dictBuilder/" "-I" "zlib/" "-I" "bzip2/" "-I" "." "-Wall" "-Wextra" "-msse2" "-msse4.1" "-msse4.2" "-mpclmul" "-std=c++11" "-Wno-unused-parameter" "-DSNAPPY=1" "-DLZ4=1" "-DZSTD=1" "-DZLIB=1" "-DBZIP2=1" "-DNDEBUG=1" "-DHAVE_PCLMUL=1" "-DHAVE_SSE42=1" "-DOS_LINUX=1" "-DROCKSDB_PLATFORM_POSIX=1" "-DROCKSDB_LIB_IO_POSIX=1" "-o" "/opt/rustwide/target/debug/build/librocksdb-sys-3fef9ce4923f60b2/out/rocksdb/cache/lru_cache.o" "-c" "rocksdb/cache/lru_cache.cc"
[INFO] [stderr]   exit status: 0
[INFO] [stderr]   running: "c++" "-O0" "-ffunction-sections" "-fdata-sections" "-fPIC" "-g" "-fno-omit-frame-pointer" "-m64" "-I" "rocksdb/include/" "-I" "rocksdb/" "-I" "rocksdb/third-party/gtest-1.7.0/fused-src/" "-I" "snappy/" "-I" "lz4/lib/" "-I" "zstd/lib/" "-I" "zstd/lib/dictBuilder/" "-I" "zlib/" "-I" "bzip2/" "-I" "." "-Wall" "-Wextra" "-msse2" "-msse4.1" "-msse4.2" "-mpclmul" "-std=c++11" "-Wno-unused-parameter" "-DSNAPPY=1" "-DLZ4=1" "-DZSTD=1" "-DZLIB=1" "-DBZIP2=1" "-DNDEBUG=1" "-DHAVE_PCLMUL=1" "-DHAVE_SSE42=1" "-DOS_LINUX=1" "-DROCKSDB_PLATFORM_POSIX=1" "-DROCKSDB_LIB_IO_POSIX=1" "-o" "/opt/rustwide/target/debug/build/librocksdb-sys-3fef9ce4923f60b2/out/rocksdb/util/murmurhash.o" "-c" "rocksdb/util/murmurhash.cc"
[INFO] [stderr]   exit status: 0
[INFO] [stderr]   running: "c++" "-O0" "-ffunction-sections" "-fdata-sections" "-fPIC" "-g" "-fno-omit-frame-pointer" "-m64" "-I" "rocksdb/include/" "-I" "rocksdb/" "-I" "rocksdb/third-party/gtest-1.7.0/fused-src/" "-I" "snappy/" "-I" "lz4/lib/" "-I" "zstd/lib/" "-I" "zstd/lib/dictBuilder/" "-I" "zlib/" "-I" "bzip2/" "-I" "." "-Wall" "-Wextra" "-msse2" "-msse4.1" "-msse4.2" "-mpclmul" "-std=c++11" "-Wno-unused-parameter" "-DSNAPPY=1" "-DLZ4=1" "-DZSTD=1" "-DZLIB=1" "-DBZIP2=1" "-DNDEBUG=1" "-DHAVE_PCLMUL=1" "-DHAVE_SSE42=1" "-DOS_LINUX=1" "-DROCKSDB_PLATFORM_POSIX=1" "-DROCKSDB_LIB_IO_POSIX=1" "-o" "/opt/rustwide/target/debug/build/librocksdb-sys-3fef9ce4923f60b2/out/rocksdb/util/file_reader_writer.o" "-c" "rocksdb/util/file_reader_writer.cc"
[INFO] [stderr]   exit status: 0
[INFO] [stderr]   running: "c++" "-O0" "-ffunction-sections" "-fdata-sections" "-fPIC" "-g" "-fno-omit-frame-pointer" "-m64" "-I" "rocksdb/include/" "-I" "rocksdb/" "-I" "rocksdb/third-party/gtest-1.7.0/fused-src/" "-I" "snappy/" "-I" "lz4/lib/" "-I" "zstd/lib/" "-I" "zstd/lib/dictBuilder/" "-I" "zlib/" "-I" "bzip2/" "-I" "." "-Wall" "-Wextra" "-msse2" "-msse4.1" "-msse4.2" "-mpclmul" "-std=c++11" "-Wno-unused-parameter" "-DSNAPPY=1" "-DLZ4=1" "-DZSTD=1" "-DZLIB=1" "-DBZIP2=1" "-DNDEBUG=1" "-DHAVE_PCLMUL=1" "-DHAVE_SSE42=1" "-DOS_LINUX=1" "-DROCKSDB_PLATFORM_POSIX=1" "-DROCKSDB_LIB_IO_POSIX=1" "-o" "/opt/rustwide/target/debug/build/librocksdb-sys-3fef9ce4923f60b2/out/rocksdb/table/index_builder.o" "-c" "rocksdb/table/index_builder.cc"
[INFO] [stderr]   exit status: 0
[INFO] [stderr]   running: "c++" "-O0" "-ffunction-sections" "-fdata-sections" "-fPIC" "-g" "-fno-omit-frame-pointer" "-m64" "-I" "rocksdb/include/" "-I" "rocksdb/" "-I" "rocksdb/third-party/gtest-1.7.0/fused-src/" "-I" "snappy/" "-I" "lz4/lib/" "-I" "zstd/lib/" "-I" "zstd/lib/dictBuilder/" "-I" "zlib/" "-I" "bzip2/" "-I" "." "-Wall" "-Wextra" "-msse2" "-msse4.1" "-msse4.2" "-mpclmul" "-std=c++11" "-Wno-unused-parameter" "-DSNAPPY=1" "-DLZ4=1" "-DZSTD=1" "-DZLIB=1" "-DBZIP2=1" "-DNDEBUG=1" "-DHAVE_PCLMUL=1" "-DHAVE_SSE42=1" "-DOS_LINUX=1" "-DROCKSDB_PLATFORM_POSIX=1" "-DROCKSDB_LIB_IO_POSIX=1" "-o" "/opt/rustwide/target/debug/build/librocksdb-sys-3fef9ce4923f60b2/out/rocksdb/util/random.o" "-c" "rocksdb/util/random.cc"
[INFO] [stderr]   cargo:warning=c++: fatal error: Killed signal terminated program cc1plus
[INFO] [stderr]   cargo:warning=compilation terminated.
[INFO] [stderr]   exit status: 1
[INFO] [stderr]   exit status: 0
[INFO] [stderr]   cargo:warning=c++: fatal error: Killed signal terminated program cc1plus
[INFO] [stderr]   cargo:warning=compilation terminated.
[INFO] [stderr]   exit status: 0
[INFO] [stderr]   exit status: 1
[INFO] [stderr]   cargo:warning=In file included from rocksdb/db/version_edit.cc:10:
[INFO] [stderr]   cargo:warning=rocksdb/db/version_edit.h: In constructor 'rocksdb::FdWithKeyRange::FdWithKeyRange(rocksdb::FileDescriptor, rocksdb::Slice, rocksdb::Slice, rocksdb::FileMetaData*)':
[INFO] [stderr]   cargo:warning=rocksdb/db/version_edit.h:175:9: warning: implicitly-declared 'constexpr rocksdb::FileDescriptor::FileDescriptor(const rocksdb::FileDescriptor&)' is deprecated [-Wdeprecated-copy]
[INFO] [stderr]   cargo:warning=  175 |       : fd(_fd),
[INFO] [stderr]   cargo:warning=      |         ^~~~~~~
[INFO] [stderr]   cargo:warning=rocksdb/db/version_edit.h:55:19: note: because 'rocksdb::FileDescriptor' has user-provided 'rocksdb::FileDescriptor& rocksdb::FileDescriptor::operator=(const rocksdb::FileDescriptor&)'
[INFO] [stderr]   cargo:warning=   55 |   FileDescriptor& operator=(const FileDescriptor& fd) {
[INFO] [stderr]   cargo:warning=      |                   ^~~~~~~~
[INFO] [stderr]   exit status: 0
[INFO] [stderr]   cargo:warning=In file included from rocksdb/db/range_del_aggregator.h:21,
[INFO] [stderr]   cargo:warning=                 from rocksdb/db/merge_helper.h:14,
[INFO] [stderr]   cargo:warning=                 from rocksdb/table/get_context.cc:7:
[INFO] [stderr]   cargo:warning=rocksdb/db/version_edit.h: In constructor 'rocksdb::FdWithKeyRange::FdWithKeyRange(rocksdb::FileDescriptor, rocksdb::Slice, rocksdb::Slice, rocksdb::FileMetaData*)':
[INFO] [stderr]   cargo:warning=rocksdb/db/version_edit.h:175:9: warning: implicitly-declared 'constexpr rocksdb::FileDescriptor::FileDescriptor(const rocksdb::FileDescriptor&)' is deprecated [-Wdeprecated-copy]
[INFO] [stderr]   cargo:warning=  175 |       : fd(_fd),
[INFO] [stderr]   cargo:warning=      |         ^~~~~~~
[INFO] [stderr]   cargo:warning=rocksdb/db/version_edit.h:55:19: note: because 'rocksdb::FileDescriptor' has user-provided 'rocksdb::FileDescriptor& rocksdb::FileDescriptor::operator=(const rocksdb::FileDescriptor&)'
[INFO] [stderr]   cargo:warning=   55 |   FileDescriptor& operator=(const FileDescriptor& fd) {
[INFO] [stderr]   cargo:warning=      |                   ^~~~~~~~
[INFO] [stderr]   exit status: 0
[INFO] [stderr]   exit status: 0
[INFO] [stderr]   exit status: 0
[INFO] [stderr]   exit status: 0
[INFO] [stderr]   exit status: 0
[INFO] [stderr]   exit status: 0
[INFO] [stderr]   cargo:warning=rocksdb/db/version_edit.h: In instantiation of 'constexpr std::pair<_T1, _T2>::pair(_U1&&, _U2&&) [with _U1 = int&; _U2 = rocksdb::FileMetaData; typename std::enable_if<(std::_PCC<true, _T1, _T2>::_MoveConstructiblePair<_U1, _U2>() && std::_PCC<true, _T1, _T2>::_ImplicitlyMoveConvertiblePair<_U1, _U2>()), bool>::type <anonymous> = true; _T1 = int; _T2 = rocksdb::FileMetaData]':
[INFO] [stderr]   cargo:warning=/usr/include/c++/11/ext/new_allocator.h:162:4:   required from 'void __gnu_cxx::new_allocator<_Tp>::construct(_Up*, _Args&& ...) [with _Up = std::pair<int, rocksdb::FileMetaData>; _Args = {int&, rocksdb::FileMetaData}; _Tp = std::pair<int, rocksdb::FileMetaData>]'
[INFO] [stderr]   cargo:warning=/usr/include/c++/11/bits/alloc_traits.h:516:17:   required from 'static void std::allocator_traits<std::allocator<_CharT> >::construct(std::allocator_traits<std::allocator<_CharT> >::allocator_type&, _Up*, _Args&& ...) [with _Up = std::pair<int, rocksdb::FileMetaData>; _Args = {int&, rocksdb::FileMetaData}; _Tp = std::pair<int, rocksdb::FileMetaData>; std::allocator_traits<std::allocator<_CharT> >::allocator_type = std::allocator<std::pair<int, rocksdb::FileMetaData> >]'
[INFO] [stderr]   cargo:warning=/usr/include/c++/11/bits/vector.tcc:115:30:   required from 'void std::vector<_Tp, _Alloc>::emplace_back(_Args&& ...) [with _Args = {int&, rocksdb::FileMetaData}; _Tp = std::pair<int, rocksdb::FileMetaData>; _Alloc = std::allocator<std::pair<int, rocksdb::FileMetaData> >]'
[INFO] [stderr]   cargo:warning=rocksdb/db/version_edit.h:253:28:   required from here
[INFO] [stderr]   cargo:warning=rocksdb/db/version_edit.h:86:8: warning: implicitly-declared 'constexpr rocksdb::FileDescriptor::FileDescriptor(const rocksdb::FileDescriptor&)' is deprecated [-Wdeprecated-copy]
[INFO] [stderr]   cargo:warning=   86 | struct FileMetaData {
[INFO] [stderr]   cargo:warning=      |        ^~~~~~~~~~~~
[INFO] [stderr]   cargo:warning=rocksdb/db/version_edit.h:55:19: note: because 'rocksdb::FileDescriptor' has user-provided 'rocksdb::FileDescriptor& rocksdb::FileDescriptor::operator=(const rocksdb::FileDescriptor&)'
[INFO] [stderr]   cargo:warning=   55 |   FileDescriptor& operator=(const FileDescriptor& fd) {
[INFO] [stderr]   cargo:warning=      |                   ^~~~~~~~
[INFO] [stderr]   cargo:warning=In file included from /usr/include/c++/11/bits/stl_algobase.h:64,
[INFO] [stderr]   cargo:warning=                 from /usr/include/c++/11/bits/char_traits.h:39,
[INFO] [stderr]   cargo:warning=                 from /usr/include/c++/11/string:40,
[INFO] [stderr]   cargo:warning=                 from rocksdb/table/get_context.h:7,
[INFO] [stderr]   cargo:warning=                 from rocksdb/table/get_context.cc:6:
[INFO] [stderr]   cargo:warning=/usr/include/c++/11/bits/stl_pair.h:353:42: note: synthesized method 'rocksdb::FileMetaData::FileMetaData(rocksdb::FileMetaData&&)' first required here
[INFO] [stderr]   cargo:warning=  353 |         : first(std::forward<_U1>(__x)), second(std::forward<_U2>(__y)) { }
[INFO] [stderr]   cargo:warning=      |                                          ^~~~~~~~~~~~~~~~~~~~~~~~~~~~~~
[INFO] [stderr]   cargo:warning=In file included from rocksdb/db/range_del_aggregator.h:21,
[INFO] [stderr]   cargo:warning=                 from rocksdb/db/merge_helper.h:14,
[INFO] [stderr]   cargo:warning=                 from rocksdb/table/get_context.cc:7:
[INFO] [stderr]   cargo:warning=rocksdb/db/version_edit.h: In instantiation of 'constexpr std::pair<_T1, _T2>::pair(_U1&&, const _T2&) [with _U1 = int&; typename std::enable_if<std::_PCC<true, _T1, _T2>::_MoveCopyPair<true, _U1, _T2>(), bool>::type <anonymous> = true; _T1 = int; _T2 = rocksdb::FileMetaData]':
[INFO] [stderr]   cargo:warning=/usr/include/c++/11/ext/new_allocator.h:162:4:   required from 'void __gnu_cxx::new_allocator<_Tp>::construct(_Up*, _Args&& ...) [with _Up = std::pair<int, rocksdb::FileMetaData>; _Args = {int&, const rocksdb::FileMetaData&}; _Tp = std::pair<int, rocksdb::FileMetaData>]'
[INFO] [stderr]   cargo:warning=/usr/include/c++/11/bits/alloc_traits.h:516:17:   required from 'static void std::allocator_traits<std::allocator<_CharT> >::construct(std::allocator_traits<std::allocator<_CharT> >::allocator_type&, _Up*, _Args&& ...) [with _Up = std::pair<int, rocksdb::FileMetaData>; _Args = {int&, const rocksdb::FileMetaData&}; _Tp = std::pair<int, rocksdb::FileMetaData>; std::allocator_traits<std::allocator<_CharT> >::allocator_type = std::allocator<std::pair<int, rocksdb::FileMetaData> >]'
[INFO] [stderr]   cargo:warning=/usr/include/c++/11/bits/vector.tcc:115:30:   required from 'void std::vector<_Tp, _Alloc>::emplace_back(_Args&& ...) [with _Args = {int&, const rocksdb::FileMetaData&}; _Tp = std::pair<int, rocksdb::FileMetaData>; _Alloc = std::allocator<std::pair<int, rocksdb::FileMetaData> >]'
[INFO] [stderr]   cargo:warning=rocksdb/db/version_edit.h:258:28:   required from here
[INFO] [stderr]   cargo:warning=rocksdb/db/version_edit.h:86:8: warning: implicitly-declared 'constexpr rocksdb::FileDescriptor::FileDescriptor(const rocksdb::FileDescriptor&)' is deprecated [-Wdeprecated-copy]
[INFO] [stderr]   cargo:warning=   86 | struct FileMetaData {
[INFO] [stderr]   cargo:warning=      |        ^~~~~~~~~~~~
[INFO] [stderr]   cargo:warning=rocksdb/db/version_edit.h:55:19: note: because 'rocksdb::FileDescriptor' has user-provided 'rocksdb::FileDescriptor& rocksdb::FileDescriptor::operator=(const rocksdb::FileDescriptor&)'
[INFO] [stderr]   cargo:warning=   55 |   FileDescriptor& operator=(const FileDescriptor& fd) {
[INFO] [stderr]   cargo:warning=      |                   ^~~~~~~~
[INFO] [stderr]   cargo:warning=In file included from /usr/include/c++/11/bits/stl_algobase.h:64,
[INFO] [stderr]   cargo:warning=                 from /usr/include/c++/11/bits/char_traits.h:39,
[INFO] [stderr]   cargo:warning=                 from /usr/include/c++/11/string:40,
[INFO] [stderr]   cargo:warning=                 from rocksdb/table/get_context.h:7,
[INFO] [stderr]   cargo:warning=                 from rocksdb/table/get_context.cc:6:
[INFO] [stderr]   cargo:warning=/usr/include/c++/11/bits/stl_pair.h:323:41: note: synthesized method 'rocksdb::FileMetaData::FileMetaData(const rocksdb::FileMetaData&)' first required here
[INFO] [stderr]   cargo:warning=  323 |        : first(std::forward<_U1>(__x)), second(__y) { }
[INFO] [stderr]   cargo:warning=      |                                         ^~~~~~~~~~~
[INFO] [stderr]   exit status: 0
[INFO] [stderr]   cargo:warning=rocksdb/db/version_edit.h: In instantiation of 'constexpr std::pair<_T1, _T2>::pair(_U1&&, _U2&&) [with _U1 = int&; _U2 = rocksdb::FileMetaData&; typename std::enable_if<(std::_PCC<true, _T1, _T2>::_MoveConstructiblePair<_U1, _U2>() && std::_PCC<true, _T1, _T2>::_ImplicitlyMoveConvertiblePair<_U1, _U2>()), bool>::type <anonymous> = true; _T1 = int; _T2 = rocksdb::FileMetaData]':
[INFO] [stderr]   cargo:warning=/usr/include/c++/11/bits/stl_pair.h:572:14:   required from 'constexpr std::pair<typename std::__strip_reference_wrapper<typename std::decay<_Tp>::type>::__type, typename std::__strip_reference_wrapper<typename std::decay<_Tp2>::type>::__type> std::make_pair(_T1&&, _T2&&) [with _T1 = int&; _T2 = rocksdb::FileMetaData&; typename std::__strip_reference_wrapper<typename std::decay<_Tp2>::type>::__type = rocksdb::FileMetaData; typename std::decay<_Tp2>::type = std::decay<rocksdb::FileMetaData&>::type; typename std::__strip_reference_wrapper<typename std::decay<_Tp>::type>::__type = int; typename std::decay<_Tp>::type = int]'
[INFO] [stderr]   cargo:warning=rocksdb/db/version_edit.cc:308:38:   required from here
[INFO] [stderr]   cargo:warning=rocksdb/db/version_edit.h:86:8: warning: implicitly-declared 'constexpr rocksdb::FileDescriptor::FileDescriptor(const rocksdb::FileDescriptor&)' is deprecated [-Wdeprecated-copy]
[INFO] [stderr]   cargo:warning=   86 | struct FileMetaData {
[INFO] [stderr]   cargo:warning=      |        ^~~~~~~~~~~~
[INFO] [stderr]   cargo:warning=rocksdb/db/version_edit.h:55:19: note: because 'rocksdb::FileDescriptor' has user-provided 'rocksdb::FileDescriptor& rocksdb::FileDescriptor::operator=(const rocksdb::FileDescriptor&)'
[INFO] [stderr]   cargo:warning=   55 |   FileDescriptor& operator=(const FileDescriptor& fd) {
[INFO] [stderr]   cargo:warning=      |                   ^~~~~~~~
[INFO] [stderr]   cargo:warning=In file included from /usr/include/c++/11/utility:70,
[INFO] [stderr]   cargo:warning=                 from /usr/include/c++/11/algorithm:60,
[INFO] [stderr]   cargo:warning=                 from rocksdb/db/version_edit.h:11,
[INFO] [stderr]   cargo:warning=                 from rocksdb/db/version_edit.cc:10:
[INFO] [stderr]   cargo:warning=/usr/include/c++/11/bits/stl_pair.h:353:42: note: synthesized method 'rocksdb::FileMetaData::FileMetaData(const rocksdb::FileMetaData&)' first required here
[INFO] [stderr]   cargo:warning=  353 |         : first(std::forward<_U1>(__x)), second(std::forward<_U2>(__y)) { }
[INFO] [stderr]   cargo:warning=      |                                          ^~~~~~~~~~~~~~~~~~~~~~~~~~~~~~
[INFO] [stderr]   exit status: 0
[INFO] [stderr]   exit status: 0
[INFO] [stderr]   exit status: 0
[INFO] [stderr]   exit status: 0
[INFO] [stderr] 
[INFO] [stderr]   --- stderr
[INFO] [stderr]   error: 'rustfmt' is not installed for the toolchain 'e6e4f7ed1589e03bc2f6c5931c1a72e7947e8682'
[INFO] [stderr]   note: this is a custom toolchain, which cannot use `rustup component add`
[INFO] [stderr]   help: if you built this toolchain from source, and used `rustup toolchain link`, then you may be able to build the component with `x.py`
[INFO] [stderr]   Failed to run rustfmt: Internal rustfmt error (non-fatal, continuing)
[INFO] [stderr] 
[INFO] [stderr] 
[INFO] [stderr]   error occurred: Command "c++" "-O0" "-ffunction-sections" "-fdata-sections" "-fPIC" "-g" "-fno-omit-frame-pointer" "-m64" "-I" "rocksdb/include/" "-I" "rocksdb/" "-I" "rocksdb/third-party/gtest-1.7.0/fused-src/" "-I" "snappy/" "-I" "lz4/lib/" "-I" "zstd/lib/" "-I" "zstd/lib/dictBuilder/" "-I" "zlib/" "-I" "bzip2/" "-I" "." "-Wall" "-Wextra" "-msse2" "-msse4.1" "-msse4.2" "-mpclmul" "-std=c++11" "-Wno-unused-parameter" "-DSNAPPY=1" "-DLZ4=1" "-DZSTD=1" "-DZLIB=1" "-DBZIP2=1" "-DNDEBUG=1" "-DHAVE_PCLMUL=1" "-DHAVE_SSE42=1" "-DOS_LINUX=1" "-DROCKSDB_PLATFORM_POSIX=1" "-DROCKSDB_LIB_IO_POSIX=1" "-o" "/opt/rustwide/target/debug/build/librocksdb-sys-3fef9ce4923f60b2/out/rocksdb/table/plain_table_index.o" "-c" "rocksdb/table/plain_table_index.cc" with args "c++" did not execute successfully (status code exit status: 1).
[INFO] [stderr] 
[INFO] [stderr] 
[INFO] running `Command { std: "docker" "inspect" "71a5beb780c493be413c1d4200c284a2fcf90a32b94b58736f37d8d8f43ac928", kill_on_drop: false }`
[INFO] running `Command { std: "docker" "rm" "-f" "71a5beb780c493be413c1d4200c284a2fcf90a32b94b58736f37d8d8f43ac928", kill_on_drop: false }`
[INFO] [stdout] 71a5beb780c493be413c1d4200c284a2fcf90a32b94b58736f37d8d8f43ac928
